{"id":237,"date":"2021-10-24T11:06:41","date_gmt":"2021-10-24T09:06:41","guid":{"rendered":"https:\/\/premiumbrows.de\/?page_id=237"},"modified":"2025-09-27T14:51:45","modified_gmt":"2025-09-27T12:51:45","slug":"gesichtsbehandlungen","status":"publish","type":"page","link":"https:\/\/home-of-beauty-baden-baden.de\/index.php\/behandlungen\/gesichtsbehandlungen\/","title":{"rendered":"Gesichtsbehandlungen"},"content":{"rendered":"\t\t<div data-elementor-type=\"wp-page\" data-elementor-id=\"237\" class=\"elementor elementor-237\">\n\t\t\t\t\t\t<section class=\"elementor-section elementor-top-section elementor-element elementor-element-3341bf0f elementor-section-boxed elementor-section-height-default elementor-section-height-default\" data-id=\"3341bf0f\" data-element_type=\"section\" data-e-type=\"section\">\n\t\t\t\t\t\t<div class=\"elementor-container elementor-column-gap-default\">\n\t\t\t\t\t<div class=\"elementor-column elementor-col-100 elementor-top-column elementor-element elementor-element-1d0bc24e\" data-id=\"1d0bc24e\" data-element_type=\"column\" data-e-type=\"column\">\n\t\t\t<div class=\"elementor-widget-wrap elementor-element-populated\">\n\t\t\t\t\t\t<div class=\"elementor-element elementor-element-4bbce6c2 elementor-widget elementor-widget-heading\" data-id=\"4bbce6c2\" data-element_type=\"widget\" data-e-type=\"widget\" data-widget_type=\"heading.default\">\n\t\t\t\t<div class=\"elementor-widget-container\">\n\t\t\t\t\t<h1 class=\"elementor-heading-title elementor-size-default\">Unser Portfolio f\u00fcr Ihr Gesicht<br><\/h1>\t\t\t\t<\/div>\n\t\t\t\t<\/div>\n\t\t\t\t<section class=\"elementor-section elementor-inner-section elementor-element elementor-element-c8c98e9 elementor-section-boxed elementor-section-height-default elementor-section-height-default\" data-id=\"c8c98e9\" data-element_type=\"section\" data-e-type=\"section\">\n\t\t\t\t\t\t<div class=\"elementor-container elementor-column-gap-default\">\n\t\t\t\t\t<div class=\"elementor-column elementor-col-50 elementor-inner-column elementor-element elementor-element-d9df479\" data-id=\"d9df479\" data-element_type=\"column\" data-e-type=\"column\">\n\t\t\t<div class=\"elementor-widget-wrap elementor-element-populated\">\n\t\t\t\t\t\t<div class=\"elementor-element elementor-element-320a4ee elementor-widget elementor-widget-image\" data-id=\"320a4ee\" data-element_type=\"widget\" data-e-type=\"widget\" data-widget_type=\"image.default\">\n\t\t\t\t<div class=\"elementor-widget-container\">\n\t\t\t\t\t\t\t\t\t\t\t\t\t\t\t<img fetchpriority=\"high\" decoding=\"async\" width=\"800\" height=\"445\" src=\"https:\/\/home-of-beauty-baden-baden.de\/wp-content\/uploads\/2021\/10\/Facial_Model2-1024x569.jpg\" class=\"attachment-large size-large wp-image-239\" alt=\"\" srcset=\"https:\/\/home-of-beauty-baden-baden.de\/wp-content\/uploads\/2021\/10\/Facial_Model2-1024x569.jpg 1024w, https:\/\/home-of-beauty-baden-baden.de\/wp-content\/uploads\/2021\/10\/Facial_Model2-300x167.jpg 300w, https:\/\/home-of-beauty-baden-baden.de\/wp-content\/uploads\/2021\/10\/Facial_Model2-768x427.jpg 768w, https:\/\/home-of-beauty-baden-baden.de\/wp-content\/uploads\/2021\/10\/Facial_Model2-1536x853.jpg 1536w, https:\/\/home-of-beauty-baden-baden.de\/wp-content\/uploads\/2021\/10\/Facial_Model2.jpg 1800w\" sizes=\"(max-width: 800px) 100vw, 800px\" \/>\t\t\t\t\t\t\t\t\t\t\t\t\t\t\t<\/div>\n\t\t\t\t<\/div>\n\t\t\t\t\t<\/div>\n\t\t<\/div>\n\t\t\t\t<div class=\"elementor-column elementor-col-50 elementor-inner-column elementor-element elementor-element-1a559fab\" data-id=\"1a559fab\" data-element_type=\"column\" data-e-type=\"column\">\n\t\t\t<div class=\"elementor-widget-wrap elementor-element-populated\">\n\t\t\t\t\t\t<div class=\"elementor-element elementor-element-59765246 elementor-widget elementor-widget-text-editor\" data-id=\"59765246\" data-element_type=\"widget\" data-e-type=\"widget\" data-widget_type=\"text-editor.default\">\n\t\t\t\t<div class=\"elementor-widget-container\">\n\t\t\t\t\t\t\t\t\t<ul><li>Gesichtsbehandlungen f\u00fcr Sie &amp; Ihn<\/li><li>Microneedling &amp; Plasma Pen<\/li><li>Profesionelles Make-up<\/li><\/ul>\t\t\t\t\t\t\t\t<\/div>\n\t\t\t\t<\/div>\n\t\t\t\t\t<\/div>\n\t\t<\/div>\n\t\t\t\t\t<\/div>\n\t\t<\/section>\n\t\t\t\t\t<\/div>\n\t\t<\/div>\n\t\t\t\t\t<\/div>\n\t\t<\/section>\n\t\t\t\t<section class=\"elementor-section elementor-top-section elementor-element elementor-element-b7730d4 elementor-section-boxed elementor-section-height-default elementor-section-height-default\" data-id=\"b7730d4\" data-element_type=\"section\" data-e-type=\"section\">\n\t\t\t\t\t\t<div class=\"elementor-container elementor-column-gap-default\">\n\t\t\t\t\t<div class=\"elementor-column elementor-col-100 elementor-top-column elementor-element elementor-element-4c8790a6\" data-id=\"4c8790a6\" data-element_type=\"column\" data-e-type=\"column\">\n\t\t\t<div class=\"elementor-widget-wrap elementor-element-populated\">\n\t\t\t\t\t\t<div class=\"elementor-element elementor-element-4ae299e9 elementor-widget elementor-widget-text-editor\" data-id=\"4ae299e9\" data-element_type=\"widget\" data-e-type=\"widget\" data-widget_type=\"text-editor.default\">\n\t\t\t\t<div class=\"elementor-widget-container\">\n\t\t\t\t\t\t\t\t\t<p><span>Das Kosmetikatelier Home of Beauty hat sich auf Behandlungen rund um das Gesicht spezialisiert.\u00a0<\/span>Nehmen Sie sich eine Auszeit und lassen Sie sich bei uns verw\u00f6hnen!<\/p>\t\t\t\t\t\t\t\t<\/div>\n\t\t\t\t<\/div>\n\t\t\t\t\t<\/div>\n\t\t<\/div>\n\t\t\t\t\t<\/div>\n\t\t<\/section>\n\t\t\t\t<section class=\"elementor-section elementor-top-section elementor-element elementor-element-7f2b333 elementor-section-boxed elementor-section-height-default elementor-section-height-default\" data-id=\"7f2b333\" data-element_type=\"section\" data-e-type=\"section\" id=\"sec gesichtsbehandlung\">\n\t\t\t\t\t\t<div class=\"elementor-container elementor-column-gap-default\">\n\t\t\t\t\t<div class=\"elementor-column elementor-col-100 elementor-top-column elementor-element elementor-element-1b64444\" data-id=\"1b64444\" data-element_type=\"column\" data-e-type=\"column\">\n\t\t\t<div class=\"elementor-widget-wrap elementor-element-populated\">\n\t\t\t\t\t\t<div class=\"elementor-element elementor-element-c977b35 elementor-widget__width-initial elementor-widget elementor-widget-text-editor\" data-id=\"c977b35\" data-element_type=\"widget\" data-e-type=\"widget\" data-widget_type=\"text-editor.default\">\n\t\t\t\t<div class=\"elementor-widget-container\">\n\t\t\t\t\t\t\t\t\t<div>\n<h3>Gesichts- und Hautreinigung, Gesichtsmassage, Bio Face Lifting<\/h3>\n<\/div>\n<div>\n<div>\n<p><strong style=\"color: var( --e-global-color-text ); font-family: var( --e-global-typography-text-font-family ), Sans-serif; font-size: 1rem;\">Antitox Golden Touch Treatment (Dauer 75 Minuten):<\/strong><\/p>\n<ul>\n<li>Hautdiagnose<\/li>\n<li>Innovative Massage mit Magnetkraft verbessert Mikrozirkulation in bringt Vitalstoffe in die Haut&nbsp;<\/li>\n<li>Hochwertige Mineralienmaske fixiert Unreinheiten, Verhornungen und Ablagerungen und saugt alles auf<\/li>\n<li>Mit Hilfe eines Magneten wird die Maske aus dem Gesicht entfernt<\/li>\n<li>Versiegeln mit Golden Glow Maske<\/li><li>Abschlusspflege mit hochwertiger Gold Pflegeserie<\/li>\n<\/ul>\n<div>&nbsp;<\/div>\n<\/div>\n<p><strong style=\"color: var( --e-global-color-text ); font-family: var( --e-global-typography-text-font-family ), Sans-serif; font-size: 1rem;\">Home of Beauty Gesichtsbehandlung (Dauer 60 Minuten):<\/strong><\/p>\n<ul>\n<li>Hautdiagnose<\/li>\n<li>Schonende aber gr\u00fcndliche Reinigung der Haut von Schmutz, Fetten und Resten von Make-up&nbsp;<\/li>\n<li>Peeling entfernt alte Haut- und Hornschuppen<\/li>\n<li>Ausreinigung: Hautunreinheiten, Komedonen und Milien werden beseitigt<\/li>\n<li>kleine Augenbrauenkorrektur<\/li>\n<li>Entspannende Gesichts-, Hals- und Decollet\u00e9massage<\/li>\n<li>Gesichtsmaske mit ausgew\u00e4hlten Wirkstoffen<\/li>\n<li>Tag- \/ Abendpflege<\/li>\n<li>auf Wunsch leichtes Make-up (Aufpreis)<\/li>\n<\/ul>\n<div>&nbsp;<\/div>\n<\/div>\n<p><strong>Relax Gesichtsbehandlung (Dauer 75 Minuten):<\/strong><\/p>\n<ul>\n<li>Hautdiagnose<\/li>\n<li>Schonende aber gr\u00fcndliche Reinigung der Haut von Schmutz, Fetten und Resten von Make-up&nbsp;<\/li>\n<li>Peeling entfernt alte Haut- und Hornschuppen<\/li>\n<li>Aroma-Dampf<\/li>\n<li>Ausreinigung: Hautunreinheiten, Komedonen und Milien werden beseitigt<\/li>\n<li>kleine Augenbrauenkorrektur<\/li>\n<li>Ausf\u00fchrliche Gesichts-, Hals- und Decollet\u00e9massage<\/li>\n<li>Gesichtsmaske mit ausgew\u00e4hlten Wirkstoffen<\/li>\n<li>Tag- \/ Abendpflege<\/li>\n<li>auf Wunsch leichtes Make-up (Aufpreis)<\/li>\n<\/ul>\n<div>&nbsp;<\/div>\n<p><strong>Gesichtsbehandlung Junge Haut (Dauer 60 Minuten) (f\u00fcr Kunden bis 24 Jahren):<\/strong><\/p>\n<ul>\n<li>Hautdiagnose<\/li>\n<li>Schonende aber gr\u00fcndliche Reinigung der Haut von Schmutz, Fetten und Resten von Make-up&nbsp;<\/li>\n<li>Peeling entfernt alte Haut- und Hornschuppen<\/li>\n<li>Ausreinigung: Hautunreinheiten, Komedonen und Milien werden beseitigt<\/li>\n<li>Entspannende Gesichts, Hals und Decollet\u00e9massage<\/li>\n<li>Gesichtsmaske mit Wirkstoffen f\u00fcr die junge Haut<\/li>\n<li>auf Wunsch leichtes Make-up (Aufpreis)<\/li>\n<\/ul>\n<div>&nbsp;<\/div>\n<div>&nbsp;<span style=\"font-weight: bolder; color: var( --e-global-color-text ); font-family: var( --e-global-typography-text-font-family ), Oxygen; font-size: 1rem;\">Bio Face Lifting:<\/span><\/div>\n<ul style=\"font-size: 16px;\">\n<li style=\"font-size: 16px;\">Hautdiagnose<\/li>\n<li style=\"font-size: 16px;\">Aloe Vera Gesichtsmaske, die nach kurzer Zeit eintrocknet. Durch eine strake Kontraktion werden alle Hautschichten mit Eigenmotorik angeregt. Die Lymphe wird im Rythmus des Herschlags aktiviert, der Teint in Aloe Vera gebadet und die Feuchtigkeitstanks wieder bef\u00fcllt. Die Durchblutung, N\u00e4hrstoff- und Sauerstoffzirlulation wird angeregt. Ein wirksames Regenerierungs-Treatment. Damit die Maske ihre volle Wirkung entfaltet sollte w\u00e4hrend der Behandlung das Gesicht nicht gesprochen werden und versucht werden das Gesicht m\u00f6glichst ruhig zu halten.<\/li>\n<\/ul>\n<div>&nbsp;<\/div>\n<p>Bitte planen Sie bei Ihrem ersten Besuch zus\u00e4tzlich 30 Minuten f\u00fcr die kostenlose Beratung ein.<\/p>\t\t\t\t\t\t\t\t<\/div>\n\t\t\t\t<\/div>\n\t\t\t\t\t<\/div>\n\t\t<\/div>\n\t\t\t\t\t<\/div>\n\t\t<\/section>\n\t\t\t\t<section class=\"elementor-section elementor-top-section elementor-element elementor-element-ecbec01 elementor-section-boxed elementor-section-height-default elementor-section-height-default\" data-id=\"ecbec01\" data-element_type=\"section\" data-e-type=\"section\" id=\"sec microneedling\">\n\t\t\t\t\t\t<div class=\"elementor-container elementor-column-gap-default\">\n\t\t\t\t\t<div class=\"elementor-column elementor-col-100 elementor-top-column elementor-element elementor-element-79b4c22\" data-id=\"79b4c22\" data-element_type=\"column\" data-e-type=\"column\">\n\t\t\t<div class=\"elementor-widget-wrap elementor-element-populated\">\n\t\t\t\t\t\t<div class=\"elementor-element elementor-element-3cfeff8 elementor-widget elementor-widget-menu-anchor\" data-id=\"3cfeff8\" data-element_type=\"widget\" data-e-type=\"widget\" data-widget_type=\"menu-anchor.default\">\n\t\t\t\t<div class=\"elementor-widget-container\">\n\t\t\t\t\t\t\t<div class=\"elementor-menu-anchor\" id=\"Microneedling\"><\/div>\n\t\t\t\t\t\t<\/div>\n\t\t\t\t<\/div>\n\t\t\t\t<div class=\"elementor-element elementor-element-1668e30 elementor-widget elementor-widget-text-editor\" data-id=\"1668e30\" data-element_type=\"widget\" data-e-type=\"widget\" data-widget_type=\"text-editor.default\">\n\t\t\t\t<div class=\"elementor-widget-container\">\n\t\t\t\t\t\t\t\t\t<div class=\"desc-title\"><strong style=\"color: inherit; font-family: inherit; font-size: 1.5rem;\">Micro-Needling<\/strong><\/div><p class=\"rteBlock\">Micro-Needling ist eine nicht-invasive Behandlungsmethode, die es erm\u00f6glicht Wirkstoffe dort einzubringen, wo eine oberfl\u00e4chliche Pflege nicht wirken kann. Die Wirkstoffe werden passend zu Ihrem Hauttyp ausgew\u00e4hlt.<\/p><p class=\"rteBlock\"><span style=\"color: var( --e-global-color-text ); font-family: var( --e-global-typography-text-font-family ), Sans-serif; font-weight: var( --e-global-typography-text-font-weight ); font-size: 1rem;\">Durch die Behandlung mit sterilen Einwegmikronadeln wird die Aufnahmef\u00e4higkeit der Haut enorm erh\u00f6ht und die entsprechende Nachpflege kann ihre volle Wirkung entfalten. Dies geschieht w\u00e4hrend der Regenerationsphase der Haut ach der Behandlung.<\/span><\/p><p class=\"rteBlock\">Bei der Microneedling Behandlung werden verschiedene Wirkstoffkomplexe 0,5-2,5mm tief in die Haut eingebracht. Die mikrofeinen Nadeln dringen in die oberste Hautschicht ein und aktivieren dadurch Wachstumsrezeptoren, welche die Neuproduktion des k\u00f6rpereigenen Kollagen und der Hyalurons\u00e4ure anregen. Die Haut gewinnt an Spannkraft und das Bindegewebe wird sichtbar gestrafft.<\/p><p class=\"rteBlock\">Das Micro-Needling und die eingebrachten Wirkstoffkomplexe wirken sofort. Man sieht schon unmittelbar nach der Behandlung den ersten Effekt. Weitere Ver\u00e4nderungen der Haut treten nach circa 24 Stunden ein. In diesem Zeitraum sind R\u00f6tungen und kleine Schwellungen zu erwarten. Ein leichtes Spannungsgef\u00fchl und minimale Missempfindungen sind nicht auszuschlie\u00dfen, klingen allerdings erfahrungsgem\u00e4\u00df schon nach 24 Stunden wieder ab. Bis zum vollst\u00e4ndigen Behandlungsresultat vergehen allerdings in der Regel 5 Tage. In diesem Zeitraum wird die Haut weiterhin mit Wirkstoffkomplexen versorgt.<\/p><p class=\"rteBlock\">Wir empfehlen je nach Hautbeschaffenheit und Behandlungsziel 3 Behandlungen im Abstand von je 10-14 Tagen. Die Behandlungskur kann man bis zu zweimal j\u00e4hrlich wiederholen.<\/p><p class=\"rteBlock\">Wir setzen <b>Microneedling <\/b>f\u00fcr folgende Anwendungen ein:<\/p><ul><li>Faltenbehandlung<\/li><li><span style=\"color: var( --e-global-color-text ); font-family: var( --e-global-typography-text-font-family ), Sans-serif; font-size: 1rem; font-weight: var( --e-global-typography-text-font-weight );\">Behandlung von Aknenarben<\/span><\/li><li>Behandlung von Dehnungssteifen<\/li><\/ul><div>\u00a0<\/div>\t\t\t\t\t\t\t\t<\/div>\n\t\t\t\t<\/div>\n\t\t\t\t\t<\/div>\n\t\t<\/div>\n\t\t\t\t\t<\/div>\n\t\t<\/section>\n\t\t\t\t<section class=\"elementor-section elementor-top-section elementor-element elementor-element-625786b elementor-section-boxed elementor-section-height-default elementor-section-height-default\" data-id=\"625786b\" data-element_type=\"section\" data-e-type=\"section\" id=\"sec plasmapen\">\n\t\t\t\t\t\t<div class=\"elementor-container elementor-column-gap-default\">\n\t\t\t\t\t<div class=\"elementor-column elementor-col-100 elementor-top-column elementor-element elementor-element-1c0817b\" data-id=\"1c0817b\" data-element_type=\"column\" data-e-type=\"column\">\n\t\t\t<div class=\"elementor-widget-wrap elementor-element-populated\">\n\t\t\t\t\t\t<div class=\"elementor-element elementor-element-2b8e368 elementor-widget elementor-widget-text-editor\" data-id=\"2b8e368\" data-element_type=\"widget\" data-e-type=\"widget\" data-widget_type=\"text-editor.default\">\n\t\t\t\t<div class=\"elementor-widget-container\">\n\t\t\t\t\t\t\t\t\t<div class=\"desc-title\"><strong style=\"color: inherit; font-family: inherit; font-size: 1.5rem;\">Phi Ion \/ Plasma Pen<\/strong><\/div><div class=\"desc-title\">Der Phi-Plasma-Pen produziert kurze Energieimpulse. Durch die Entfernung der obersten Hautschicht wird das umgebende Gewebe gestrafft und Falten werden reduziert.<\/div><p class=\"rteBlock\">Durch die dosierten und ultrakurzen Energiepulse wird das umgebende oder darunterliegende Gewebe weder besch\u00e4digt noch wird ihm unerw\u00fcnschte W\u00e4rmeenergie zugef\u00fchrt.<\/p><p class=\"rteBlock\">Wir wenden die <b>Plasma Pen<\/b> f\u00fcr folgende Anwendungen ein:<\/p><ul><li>Augenlidstraffung<\/li><li><span style=\"color: var( --e-global-color-text ); font-family: var( --e-global-typography-text-font-family ), Sans-serif; font-weight: var( --e-global-typography-text-font-weight ); font-size: 1rem;\">Faltenbehandlung<\/span><\/li><li><span style=\"color: var( --e-global-color-text ); font-family: var( --e-global-typography-text-font-family ), Sans-serif; font-weight: var( --e-global-typography-text-font-weight );\">Entfernung von Kr\u00e4henf\u00fc\u00dfen<\/span><\/li><li><span style=\"color: var( --e-global-color-text ); font-family: var( --e-global-typography-text-font-family ), Sans-serif; font-weight: var( --e-global-typography-text-font-weight );\">Dekollet\u00e9straffung<\/span><\/li><\/ul>\t\t\t\t\t\t\t\t<\/div>\n\t\t\t\t<\/div>\n\t\t\t\t<div class=\"elementor-element elementor-element-7ce73dd2 elementor--h-position-center elementor--v-position-middle elementor-pagination-position-inside elementor-widget elementor-widget-slides\" data-id=\"7ce73dd2\" data-element_type=\"widget\" data-e-type=\"widget\" data-settings=\"{&quot;transition&quot;:&quot;fade&quot;,&quot;navigation&quot;:&quot;dots&quot;,&quot;autoplay&quot;:&quot;yes&quot;,&quot;pause_on_hover&quot;:&quot;yes&quot;,&quot;pause_on_interaction&quot;:&quot;yes&quot;,&quot;autoplay_speed&quot;:5000,&quot;infinite&quot;:&quot;yes&quot;,&quot;transition_speed&quot;:500}\" data-widget_type=\"slides.default\">\n\t\t\t\t<div class=\"elementor-widget-container\">\n\t\t\t\t\t\t\t<div class=\"elementor-swiper\">\n\t\t\t<div class=\"elementor-slides-wrapper elementor-main-swiper swiper-container\" dir=\"ltr\" data-animation=\"fadeInUp\">\n\t\t\t\t<div class=\"swiper-wrapper elementor-slides\">\n\t\t\t\t\t<div class=\"elementor-repeater-item-0b74152 swiper-slide\"><div class=\"swiper-slide-bg\"><\/div><div class=\"elementor-background-overlay\"><\/div><a class=\"swiper-slide-inner\" href=\"#sec%20gesichtsbehandlung\"><div class=\"swiper-slide-contents\"><div class=\"elementor-slide-heading\">Gesichtsbehandlung<\/div><div class=\"elementor-slide-description\">W\u00e4hlen Sie aus 5 Paketen aus:\n\nHome of Beauty Gesichtsbehandlung, Relax Gesichtsbehandlung & Gesichtsbehandlung Junge Haut (f\u00fcr Kunden bis 24 Jahren) & Bio Face Lifting. Die Anti-Stress Gesichtsmassage lockert die Gesichtsmuskulatur, die anschlie\u00dfende Maske sorgt f\u00fcr ein entspanntes Gef\u00fchl.\n\nIn diesen Paketen sind die hochwertigen Pflegeprodukte inklusive.\n\nWir verwenden ausschlie\u00dflich hochwertige und allgemein anerkannte Produkte. Wir sehen davon ab unseren Kunden Produkte mit fantasievollen Namen aber ohne nachgewiesener Wirkung zu verkaufen.\n\nBitte planen Sie bei Ihrem ersten Besuch zus\u00e4tzlich 30 Minuten f\u00fcr die kostenlose Beratung ein.<\/div><div  class=\"elementor-button elementor-slide-button elementor-size-sm\">Details<\/div><\/div><\/a><\/div><div class=\"elementor-repeater-item-f71d192 swiper-slide\"><div class=\"swiper-slide-bg\"><\/div><div class=\"elementor-background-overlay\"><\/div><a class=\"swiper-slide-inner\" href=\"#sec%20microneedling\"><div class=\"swiper-slide-contents\"><div class=\"elementor-slide-heading\">Micro-Needling<\/div><div class=\"elementor-slide-description\">Micro-Needling ist eine nicht-invasive Behandlungsmethode, die es erm\u00f6glicht Wirkstoffe dort einzubringen, wo eine oberfl\u00e4chliche Pflege nicht wirken kann. Die Wirkstoffe werden passend zu Ihrem Hauttyp ausgew\u00e4hlt.\n\n\nDurch die Behandlung mit sterilen Einwegmikronadeln wird die Aufnahmef\u00e4higkeit der Haut enorm erh\u00f6ht und die entsprechende Nachpflege kann ihre volle Wirkung entfalten. Dies geschieht w\u00e4hrend der Regenerationsphase der Haut ach der Behandlung.\n<\/div><div  class=\"elementor-button elementor-slide-button elementor-size-sm\">Details<\/div><\/div><\/a><\/div><div class=\"elementor-repeater-item-4035875 swiper-slide\"><div class=\"swiper-slide-bg\"><\/div><div class=\"elementor-background-overlay\"><\/div><a class=\"swiper-slide-inner\" href=\"#sec%20plasmapen\"><div class=\"swiper-slide-contents\"><div class=\"elementor-slide-heading\">Plasma Pen<\/div><div class=\"elementor-slide-description\">Phi Ion \/ Plasma Pen\n\n\nDer Phi-Plasma-Pen produziert kurze Energieimpulse. Durch die Entfernung der obersten Hautschicht wird das umgebende Gewebe gestrafft und Falten werden reduziert.\n\n\nDurch die dosierten und ultrakurzen Energiepulse wird das umgebende oder darunterliegende Gewebe weder besch\u00e4digt noch wird ihm unerw\u00fcnschte W\u00e4rmeenergie zugef\u00fchrt.\n\n<\/div><div  class=\"elementor-button elementor-slide-button elementor-size-sm\">Details<\/div><\/div><\/a><\/div><div class=\"elementor-repeater-item-b8ae628 swiper-slide\"><div class=\"swiper-slide-bg\"><\/div><div class=\"elementor-background-overlay\"><\/div><div class=\"swiper-slide-inner\" ><div class=\"swiper-slide-contents\"><div class=\"elementor-slide-heading\">Professionelles Make-up<\/div><div class=\"elementor-slide-description\">Sie w\u00fcnschen ein professionelles Make-up? Sei es zu einem besonderen Anlass, f\u00fcr Fotoaufnahmen oder einfach nur so? Bei uns sind Sie richtig: Unsere Spanne reicht vom dezenten nat\u00fcrlichen Make-up f\u00fcr das Bewerbungsfoto bis zum Styling mit dem Wow-Effekt f\u00fcr die Party. Gerne auch in Kombination mit Wimpernstyling.\n\n\nWir beraten Sie gerne und setzen Ihre W\u00fcnsche um. <\/div><\/div><\/div><\/div>\t\t\t\t<\/div>\n\t\t\t\t\t\t\t\t\t\t\t\t\t\t\t<div class=\"swiper-pagination\"><\/div>\n\t\t\t\t\t\t\t\t\t\t\t\t\t\t\t\t\t<\/div>\n\t\t<\/div>\n\t\t\t\t\t\t<\/div>\n\t\t\t\t<\/div>\n\t\t\t\t\t<\/div>\n\t\t<\/div>\n\t\t\t\t\t<\/div>\n\t\t<\/section>\n\t\t\t\t<\/div>\n\t\t","protected":false},"excerpt":{"rendered":"<p>Unser Portfolio f\u00fcr Ihr Gesicht Gesichtsbehandlungen f\u00fcr Sie &amp; Ihn Microneedling &amp; Plasma Pen Profesionelles Make-up Das Kosmetikatelier Home of Beauty hat sich auf Behandlungen rund um das Gesicht spezialisiert.\u00a0Nehmen Sie sich eine Auszeit und lassen Sie sich bei uns verw\u00f6hnen! Gesichts- und Hautreinigung, Gesichtsmassage, Bio Face Lifting Antitox Golden Touch Treatment (Dauer 75 Minuten): [&hellip;]<\/p>\n","protected":false},"author":1,"featured_media":0,"parent":307,"menu_order":0,"comment_status":"closed","ping_status":"closed","template":"","meta":{"footnotes":""},"class_list":["post-237","page","type-page","status-publish","hentry"],"_links":{"self":[{"href":"https:\/\/home-of-beauty-baden-baden.de\/index.php\/wp-json\/wp\/v2\/pages\/237","targetHints":{"allow":["GET"]}}],"collection":[{"href":"https:\/\/home-of-beauty-baden-baden.de\/index.php\/wp-json\/wp\/v2\/pages"}],"about":[{"href":"https:\/\/home-of-beauty-baden-baden.de\/index.php\/wp-json\/wp\/v2\/types\/page"}],"author":[{"embeddable":true,"href":"https:\/\/home-of-beauty-baden-baden.de\/index.php\/wp-json\/wp\/v2\/users\/1"}],"replies":[{"embeddable":true,"href":"https:\/\/home-of-beauty-baden-baden.de\/index.php\/wp-json\/wp\/v2\/comments?post=237"}],"version-history":[{"count":50,"href":"https:\/\/home-of-beauty-baden-baden.de\/index.php\/wp-json\/wp\/v2\/pages\/237\/revisions"}],"predecessor-version":[{"id":1208,"href":"https:\/\/home-of-beauty-baden-baden.de\/index.php\/wp-json\/wp\/v2\/pages\/237\/revisions\/1208"}],"up":[{"embeddable":true,"href":"https:\/\/home-of-beauty-baden-baden.de\/index.php\/wp-json\/wp\/v2\/pages\/307"}],"wp:attachment":[{"href":"https:\/\/home-of-beauty-baden-baden.de\/index.php\/wp-json\/wp\/v2\/media?parent=237"}],"curies":[{"name":"wp","href":"https:\/\/api.w.org\/{rel}","templated":true}]}}